).
-7
Let z(k) = -k - 1. Let f(w) = 5*w + 13. Let g = -1 + -3. Let y(b) = g*z(b) - f(b). Let h(d) = d**3 + 9*d**2 + 17*d + 15. Let l be h(-7). Calculate y(l).
-3
Let f(h) = h - 13. Let l(r) = -5. Let w(j) = f(j) + l(j). Calculate w(10).
-8
Suppose -q + 25 = 4*q, -35 = -4*a - 3*q. Suppose o - a*t - 18 = 3, -o - t - 3 = 0. Let f(l) = -38*l + l**2 - 36*l + 1 + 8*l**3 + l**2 + 72*l. Determine f(o).
9
Let t(d) = d**3 + 2*d**2 - 3. Let w(j) = 3*j**3 + 6*j**2 - j - 10. Let q(y) = -7*t(y) + 2*w(y). Determine q(-2).
5
Let v(d) = 48*d - 87. Let a(k) = -23*k + 40. Let n(y) = -13*a(y) - 6*v(y). What is n(3)?
35
Let b = 60 + -52. Let o be (-32)/(-8) + b/(-2). Let i(w) = w**2 - w - 6. What is i(o)?
-6
Let b(k) = -7*k**3 + k**2 - 1. Let q(r) = -r**3 - 6*r**2 + 53*r - 21. Let h be q(-11). What is b(h)?
-7
Suppose 2*s = -0*w - 5*w - 32, 5*s = -w - 34. Let r(f) = -35 + f**2 - 37 + 65. Let p(l) = l + 1. Let n(m) = 6*p(m) + r(m). Calculate n(s).
-1
Let p(s) = -11*s**2 - 11*s + 10. Let u be ((-55)/(-385))/(2/14). Determine p(u).
-12
Let n(d) = -d - 7. Let m be (-217)/(-9) + 3/(-27). Let j = m - 30. Calculate n(j).
-1
Let w(i) = -i**3 - 2*i**2 + 7*i - 6. Let s be w(-4). Let t be s/14 - (-26)/(-14). Let f(m) = -m**2 - 5*m - 3. What is f(t)?
3
Let h(g) = g**2 + 1. Let w be 38/95 + (-34)/10. Let q(z) = 6 + 4*z**2 + 3*z**2 - 6*z**2 + 3*z**2 - 2*z. Let u(i) = w*h(i) + q(i). What is u(3)?
6
Let v(r) = -2*r - 3837*r**2 + 1916*r**2 + 1920*r**2 + 10. Give v(-4).
2
Let z = 8 - 1. Let x(p) = 3 + z*p - 1 + 2 - 10*p. Suppose 0 = 2*k + 3 - 9. Determine x(k).
-5
Let d be (-4)/3*(-1 - 2). Let s(b) = -b**2 - b + 1. Let n(i) = i - 17*i + 9*i - 3 + 9*i - 3*i**2. Let r(p) = -n(p) + 2*s(p). What is r(d)?
5
Let g(b) = 2*b - 8*b + 5*b. Let j be g(-2). Let v(m) = -2*m**2 + 7*m - 7. Let r(k) = -k**2 + 4*k - 4. Let p(h) = -5*r(h) + 3*v(h). Calculate p(j).
-3
Let f(c) = c**3 + 6*c**2 - 10*c + 3. Let l(i) = -i - 1. Let u(k) = -f(k) + 5*l(k). Let t be 0*2/(-4) + -80 + 73. Determine u(t).
6
Let b(a) be the third derivative of 1/2*a**3 - 1/24*a**4 + 0*a + 3*a**2 + 0. Give b(-6).
9
Let c be (12/(-4) + 3)/(-2). Let d(s) = s**2 - s + 20. Determine d(c).
20
Let y(u) = 38 - 5 - 2 - 1 - 10*u - 1. Give y(3).
-1
Let n(q) be the first derivative of -q**5/30 + q**4/4 + 37*q**3/3 + 25. Let f(g) be the third derivative of n(g). Let a = 1 + 3. Give f(a).
-10
Let a(c) = -4*c + 357 - 354 - c**2 - c. Suppose -n - 4 - 1 = 0. Calculate a(n).
3
Let j(a) be the second derivative of 11*a**7/2520 + a**6/360 - a**5/120 - 7*a**4/6 + 28*a. Let p(f) be the third derivative of j(f). Calculate p(1).
12
Let o(t) = -278 + t + 278 - 2*t**2 - t**3. Give o(-4).
28
Let n be ((-30)/(-45))/(0 - 4/12). Let u(q) = -4*q**3 - 2*q**2 + q + 2. Calculate u(n).
24
Let q(f) be the first derivative of f**5/24 - f**4/4 + 10*f**3/3 - 28. Let z(j) be the third derivative of q(j). Calculate z(5).
19
Let c(v) = 4*v**2 + v**3 + 15*v**2 - 81*v + 99*v - 12. Determine c(-18).
-12
Let u(h) = h**3 + 8*h**2 - 9*h + 9. Let m(v) = v**3 + 6*v**2 + 6*v - 4. Let r be m(-5). What is u(r)?
9
Let q(h) = 8*h + 38. Let l be q(-5). Let r(a) = 2*a**3 + a**2 - 4*a - 4. Give r(l).
-8
Suppose 5*w + 104 - 129 = 0. Let b(j) = 2*j**3 - 9*j**2 - j - 6. Give b(w).
14
Suppose 0*d + 99 = -2*d - j, -j = 5*d + 249. Let y = 48 + d. Let x(r) = r**2 + 3*r. Determine x(y).
-2
Let d(m) = m**2 - 3*m + 1. Let t = -9 + 12. Let n be d(t). Let y(j) = -2*j + 0 - n - 5*j + 0*j. Give y(1).
-8
Suppose 0 = -2*l - 5*s, -3*l - 2*s - s = 0. Let t(i) be the third derivative of i**3 + 0*i - 3*i**2 + 1/24*i**4 + 0. Calculate t(l).
6
Let g(d) = 2*d - 6. Let t be g(4). Let j(o) = 4*o + 2*o - t*o - 1 - 2*o**2 - 3*o. Calculate j(1).
-2
Suppose 0*l - 4*l + 28 = -3*z, 0 = 2*z + 2*l + 14. Let w(i) = -68 + 37 + 41 + i. Calculate w(z).
2
Suppose -2*p - t = -12, -3*p + 3*t + 10 = -8. Let g(j) be the second derivative of -j**4/12 + 5*j**3/6 + j**2/2 + 929*j + 2. Calculate g(p).
-5
Suppose -5*d + 351 = -3*d - 5*c, -d - 3*c = -181. Let x = 88 - d. Let s be (-20)/x + (-56)/9. Let y(a) = -a - 3. What is y(s)?
3
Suppose -2*c + 3*o - 11 - 12 = 0, 3 = -2*c - o. Let v be (-3 + (-45)/(-10))/((-2)/c). Let z(l) = -l**2 + 6*l - 4. Calculate z(v).
5
Let d be (-3 - -4 - 2) + 1. Suppose 3*n - 7 - 8 = d. Let f(m) = -1 + 1 + 3 - 3*m - n. What is f(-3)?
7
Let q(h) = 8*h - 2. Let n(d) = 72*d - 223. Let s be n(3). Determine q(s).
-58
Let n(h) be the second derivative of h**4/12 - 5*h**3/6 - 2*h**2 - 150*h. Determine n(6).
2
Let v(w) be the first derivative of -w**4/4 + 8*w**3/3 - 5*w**2/2 + 11*w + 51. Give v(6).
53
Suppose 16 = 6*j - 32. Let l(q) = q - 12. Determine l(j).
-4
Let n(p) = -p - 3. Let v be n(-8). Let x(f) = f**3 - 4*f**2 - 5*f + 1. Determine x(v).
1
Let n be 32/60 - 5/25. Let b(l) be the first derivative of 10 - n*l**3 - 3*l + 4*l**2. Determine b(5).
12
Let y(b) = -23 + 22 - 2 + 2*b**2 + b. Determine y(2).
7
Let u = 68 - 59. Let k(t) = -5 - 1 - t**2 + 13 - u - 7*t. Calculate k(-8).
-10
Let d(g) be the first derivative of g**3/3 + g**2/2 - 3*g + 1. Let t be d(-3). Let v(p) = 5*p - 2. Give v(t).
13
Let y(s) = 10*s**2 + 3*s. Let f be y(-1). Let o(b) = -2*b - 2. Let i(h) = -h - 3. Let x(d) = 5*i(d) - 4*o(d). Determine x(f).
14
Let v(x) = -x**3 - 13*x**2 - 2*x - 3. Let k(u) = -3*u**2 - 1. Let z(f) = 2*k(f) - v(f). What is z(-7)?
-13
Suppose -35 = w - 11. Let a be (w/48)/(2/(-4)). Let d(t) = -4*t**2. Calculate d(a).
-4
Let s = 6 - 12. Let p be -4 - ((-4)/4 - s). Let d be p/2*12/9. Let i(h) = -h**3 - 7*h**2 - 4*h + 4. Determine i(d).
-8
Let x(l) = -4*l + 13*l + 0 - 7 - 6*l - 17. What is x(14)?
18
Let v(b) = -b + 8. Let x = 235 + -229. Calculate v(x).
2
Let t(q) be the second derivative of 0*q**2 + 0 + 31*q + 2/3*q**3. Calculate t(-4).
-16
Let z be -1 - (-7 - -2)*1. Suppose -7*h + 2*h = -4*w - 205, -3*h + 5*w = -123. Let s(u) = -40 + h - z*u + 3*u. What is s(6)?
-5
Let p(x) = x**3 - 3*x**2 - 2*x + 2. Let u(q) = 2*q + 25 + 3 - 4 + q. Let k be u(-7). What is p(k)?
-4
Let g = -68 + 82. Suppose 3*d + d + l + g = 0, 3*d + 5*l + 2 = 0. Let k(x) = 7*x + 6. Let s(u) = -u - 1. Let h(v) = 3*k(v) + 24*s(v). Calculate h(d).
6
Let z(l) = -l**2 - 3*l + 4. Let r(u) = 4*u - 73. Let c(k) = -k**2 - 4*k + 17. Let w be c(0). Let i be r(w). Determine z(i).
-6
Let d(q) be the third derivative of -q**5/12 - 5*q**3/6 + 327*q**2. Calculate d(3).
-50
Let y(m) be the second derivative of -m**4/12 - 5*m**3/3 + 5*m**2/2 - 186*m. What is y(-10)?
5
Let h(x) = 2*x + 9. Let c(n) = -n**3 - 13*n**2 + 2*n + 32. Let u be c(-13). Let y(o) = o**2 - 9*o + 12. Let p be y(u). Calculate h(p).
-3
Let d(c) = -13*c - 5. Let s(x) = 3*x + 1. Let t(l) = -4*d(l) - 18*s(l). Give t(-4).
10
Suppose -3*l + l + 98 = o, l = -2*o + 55. Let r = 78 - l. Suppose 3*i - i + 8 = -4*h, i - 5*h = r. Let q(y) = y**3 - 5*y**2 - 6*y - 7. What is q(i)?
-7
Suppose -9*y = -5*y - 4. Let s(c) be the first derivative of c**5/10 + c**3/3 - c**2/2 + 4*c + 3. Let v(k) be the first derivative of s(k). Determine v(y).
3
Let f(x) = 6*x**3 - 14*x**2 + 2*x + 1. Let t(v) = 7*v**3 - 18*v**2 + 3*v. Let p(s) = 6*f(s) - 5*t(s). Determine p(-5).
46
Let b(r) = r**2 - 3*r - 2. Suppose 5*i - 3*h - 355 = 0, 3*i - 185 = -5*h + 28. Let o = i + -68. Calculate b(o).
-2
Let n(h) = h**2 - 15*h + 1. Let m(i) = -16*i + 1. Let r(u) = m(u) - n(u). Let s be (-1)/((2/(-12))/1). Suppose s = f - 4*f. Calculate r(f).
-2
Let p be (5 - 5)*2/4. Suppose u - 10 = -u, p = -a - 3*u + 17. Let t = a + 3. Let i(l) = -l**3 + 5*l**2 - l - 2. What is i(t)?
-7
Suppose 0 = -6*a + 18 - 36. Let d(c) = c + 2 + 2*c - 1 - 2*c. Determine d(a).
-2
Let f = -286 + 290. Let n(j) = -j**2 + 4*j - 5. Calculate n(f).
-5
Let y(q) = 2*q**2 + q + 1. Let r = 571 - 574. Calculate y(r).
16
Suppose -13*q - 118 + 118 = 0. Suppose 0 = -2*d + 29 + 21. Suppose q*l + 5*l = d. Let o(k) = k**3 - 5*k**2 + k - 7. What is o(l)?
-2
Let u(s) = s - 3. Let n(c) be the third derivative of c**3/6 - 4*c**2 - 2*c. Let m be (-22)/6 - (-2)/(-6). Let b(z) = m*n(z) - u(z). Calculate b(4).
-5
Let b be (-11)/44 + 70/(-8). Let s(l) = -l - 3. Give s(b).
6
Let r(o) = 4*o + 4. Let y(a) = -a**3 + 7*a**2 - 11*a - 1. Let q be y(3). Calculate r(q).
12
Let z be (-19)/40 + 93/155. Let h(u) be the third derivative of -u**2 + 0*u**3 + 0 + z*u**4 + 0*u. Determine h(-4).
-12
Let c = 3 - 3. Let 